- 2*f, -4*l + 4*f + 444 = 0. Suppose l - 19 = 3*s. List the prime factors of s.
29
Suppose 4 = 3*v - 2*v. Suppose -k = v*k - 25. Suppose y = 3*q + 4, y + 36 = k*y - 2*q. What are the prime factors of y?
2, 5
Let r(h) = h**3 - 8*h**2 - 7*h - 3. List the prime factors of r(9).
3, 5
Let g be (-3)/(-6) - 36/8. Let n = g + 17. What are the prime factors of n?
13
Let l = -1 - -4. Suppose -25 = -l*k - 10. Suppose k*p = -5*c + 30, 0 = 5*p + 3*c + 2 - 36. List the prime factors of p.
2
Suppose 0*i = -6*i + 294. What are the prime factors of i?
7
Suppose 41 = 5*n - 34. Let a = -2 + n. List the prime factors of a.
13
Let r = -152 - -237. Suppose 0 = -y - 2*v + 15, 3*y + 0*v - r = 2*v. What are the prime factors of y?
5
Let w(q) = 7*q - 12. List the prime factors of w(7).
37
Let d = -25 + 187. What are the prime factors of d?
2, 3
Suppose 6*a = 2*a - 4. Let g = a + 1. Let p(i) = i**2 - i + 12. What are the prime factors of p(g)?
2, 3
Suppose 3*g - 5*p - 32 = 0, p - 6*p - 50 = -5*g. Suppose -5*f - 11 - g = 0. List the prime factors of (-20)/(-16) + (-3)/f.
2
Let v(c) = 3*c - 3. Let y be v(2). Let l(i) be the third derivative of i**5/60 + i**3/2 - 2*i**2. What are the prime factors of l(y)?
2, 3
What are the prime factors of (-5268)/(-60) - 2/(-10)?
2, 11
Suppose -6*o + 2*o = -8. What are the prime factors of 10 - (o + -2 + 2)?
2
Let k(x) = x**3 + x**2 - 2*x - 2. Let u be k(-2). What are the prime factors of (-58)/(-12) - u/12?
5
What are the prime factors of (-4 + -2)/(12/(-560))?
2, 5, 7
Let c(t) = 30*t**2 + 13*t - 39. What are the prime factors of c(3)?
2, 3, 5
Let a(u) = u**2 - 3*u - 6. Let h be a(5). Suppose -k - 2*v + 8 = 0, -6*k + 4*k + 16 = -h*v. Suppose d + k = 3*d - 2*c, -6 = -2*c. List the prime factors of d.
7
Let t = -1 + 6. Suppose l + t - 20 = 0. Let f = l + -11. What are the prime factors of f?
2
Let c be 0 + -20 - 0/2. What are the prime factors of (2 - 3) + c/(-4)?
2
Suppose -3*o + 3*f = -0*f - 153, 5*o + 2*f - 262 = 0. List the prime factors of o.
2, 13
List the prime factors of (0 - -2)/(4/26).
13
Suppose 0*x + 4 = 2*x. Let r(l) = 2*l**3 - 2*l**2 - l. List the prime factors of r(x).
2, 3
Let v = 88 - 43. What are the prime factors of v?
3, 5
Suppose 0 = -2*b + 60 - 12. What are the prime factors of b?
2, 3
Suppose 4*y = -68 - 120. Let j = y + 85. Let s = 54 - j. What are the prime factors of s?
2
Let d(j) = -j + 36. What are the prime factors of d(0)?
2, 3
Suppose -341 + 77 = -4*o. List the prime factors of o.
2, 3, 11
Let g = 311 - 123. List the prime factors of g.
2, 47
Suppose 2*y - 57 = 29. List the prime factors of y.
43
Suppose -2*k = 2*z - 10, 3*z + 3*k - 14 = k. Let r = z - -5. List the prime factors of r.
3
Let w = 242 - 171. What are the prime factors of w?
71
Let v(t) = t**2 - 7*t + 11. What are the prime factors of v(8)?
19
Let v be (3/(-2))/(2/12). Let n be (-2)/3 - 5/(-3). Let f = n - v. What are the prime factors of f?
2, 5
Suppose -a - a - 4 = 0. Let j be a + 1 - (1 + 0). Let s(x) = -x. List the prime factors of s(j).
2
Suppose -z - 2 + 4 = 0. Let l be (52 - z)*(-1)/(-2). Suppose 0 = -10*s + 5*s + l. What are the prime factors of s?
5
Let h be ((-4)/(-8))/((-3)/(-54)). Let s be 1*10*(-8 + h). List the prime factors of 16/(-10)*(-25)/s.
2
Let r = -68 + 103. What are the prime factors of (-202)/(-10) + (-7)/r?
2, 5
Suppose -p = -34 - 8. What are the prime factors of -2*(p/(-4) + 3)?
3, 5
Let f(h) = -15*h - 1. Suppose -5*x = 10 + 5. Let a be f(x). Suppose -2*l + 0*l - 5*v + a = 0, 0 = -2*v + 8. What are the prime factors of l?
2, 3
Let o(k) = 19*k**2 + 3*k - 3. List the prime factors of o(1).
19
Let p(s) be the first derivative of s**4/4 - 8*s**3/3 + s**2 - 2*s - 2. List the prime factors of p(8).
2, 7
Let j be (-21)/(-4) + (-1)/4. Suppose -3*w + c + 13 = 0, -4*w - c - j = -5*w. Suppose -2*g = 2*i - 12, -3*i = -w*i - 3*g + 2. List the prime factors of i.
2
Let w(f) = 19*f**2 + f - 1. List the prime factors of w(-2).
73
Suppose 0*l + 2*l = 4*c - 4, 2*l + 2*c + 10 = 0. Let m(h) = -h. Let s be m(l). Suppose 0 = 3*n - 3 - 12, -80 = -5*w + s*n. List the prime factors of w.
2, 5
What are the prime factors of ((-1)/(-1))/(3/90)?
2, 3, 5
Let l(x) = -x**3 + 10*x**2 + 2. Let n be l(10). Suppose -2*b - m + 14 = -3*m, -16 = -3*b - n*m. What are the prime factors of b?
2, 3
Suppose 0 = -5*n + 4*q + 32, 2*n + q = -0*n + 5. What are the prime factors of n?
2
Let o = -3 - -7. Let w(d) = d**3 - 3*d**2 - 2*d - 5. Let b be w(o). Suppose -3*x = -k - 16, -b*x + 2*x - 4*k = -27. What are the prime factors of x?
7
Let g(y) = -144*y - 13. What are the prime factors of g(-3)?
419
Let b(n) = -5*n + 9. List the prime factors of b(-8).
7
Suppose 5 = -5*y, -2*k + 5*k + y - 239 = 0. List the prime factors of k.
2, 5
Let t = 5 - 14. Let l = 23 + t. List the prime factors of l.
2, 7
Let t(f) = 2*f - 10. Let a be t(6). List the prime factors of a - 9/(-3) - 2.
3
Suppose 0 = -p - 0*p + 20. List the prime factors of p.
2, 5
Suppose -2*p + 108 = 2*g, 4*p + 3*g - 221 = 4*g. List the prime factors of p.
5, 11
Suppose -5*c + 24 = -66. Suppose 0*o = o + 10. Let v = o + c. What are the prime factors of v?
2
Suppose 2*v + 1 = -4*z + 25, 4*v - 8 = -3*z. List the prime factors of z.
2
Let t(l) = -16*l - 1. What are the prime factors of t(-4)?
3, 7
Suppose 3*m + 7 = -2. Let r be (3/9)/((-1)/m). Let s = 5 - r. List the prime factors of s.
2
Let y be 19 + (4 - 3) + 0. Suppose u = -3*z - 22, 2*z = -u - u - y. What are the prime factors of z/(-1) - (3 + -4)?
7
What are the prime factors of (-3276)/(-30) + (-4)/(-5)?
2, 5, 11
Let x = -416 - -586. List the prime factors of x.
2, 5, 17
Let n(c) = -c**3 + c - 1. Let x(i) = -5*i**3 + 9*i**2 + 13*i - 17. Let z(w) = -6*n(w) + x(w). Let g be z(-8). List the prime factors of -9*((-2)/g - 2).
2, 3
Let k = 8 - -29. Suppose c + 2*c - k = -5*n, 0 = 2*c + 2*n - 26. What are the prime factors of c?
2, 7
Let c be (24/18)/((-2)/(-3)). What are the prime factors of 1/c*(-3 - -9)?
3
Let o be 9*(1/(-3))/(-1). Let d = o - -7. What are the prime factors of d?
2, 5
Suppose 5 + 5 = 5*s. Suppose 0 = s*r - 4*r. Suppose -3*d + 23 = i, r = -5*i - 3*d + 41 + 14. What are the prime factors of i?
2
Suppose -2 = 3*s - 5. Let q = 14 - s. List the prime factors of q.
13
Let v = 9 + -5. Let h be (-14)/v + 2/(-4). What are the prime factors of (6/h + 1)*-14?
7
Let i = 15 + -13. What are the prime factors of i + (3 - -10*1)?
3, 5
Suppose -x = -6*x - 5. Let m = 2 - x. Suppose -3*q + 2*r + 18 = -m*r, -2*q + 12 = -4*r. What are the prime factors of q?
2, 3
Let n(f) = -5*f + 23. List the prime factors of n(-5).
2, 3
Suppose 5*g = -0*g + 80. Suppose -u = -55 - g. Suppose u = 5*r + 2*v + 19, 5*r = -3*v + 53. List the prime factors of r.
2, 5
Let w be (-26)/(-10) - (-4)/10. Suppose -4*v = -5*g + 47, 54 = 4*g + 2*v + w*v. What are the prime factors of g?
11
Let n be 66/8 - 2/8. Let r(x) = x**3 - 7*x**2 - x - 6. What are the prime factors of r(n)?
2, 5
Let c(b) = -b**2 - 3*b - 1. Suppose -3*p - 17 + 6 = -2*u, -5*u + 5 = 0. Let z be c(p). Let o = z - -6. What are the prime factors of o?
5
Suppose -3*l + 2 = -4. Let z(w) = 5*w**2 - 4*w + 3. What are the prime factors of z(l)?
3, 5
What are the prime factors of (-6)/(-30) + (-1068)/(-10)?
107
Let f(o) = 5 + 29 - o - 11. What are the prime factors of f(12)?
11
What are the prime factors of 2 - (1 + (0 - 17))?
2, 3
Suppose -11 = -2*u - 3*v + 4*v, 5*u - 2*v - 26 = 0. Suppose -u*y + 63 - 7 = 0. What are the prime factors of y?
2, 7
Let h = 45 + -22. What are the prime factors of h?
23
Let k = 7 - 5. Suppose k = 5*v - 33. What are the prime factors of v?
7
Let i = -90 - -133. What are the prime factors of i?
43
Let q = -30 - -51. Suppose 4*s - q = 15. List the prime factors of s.
3
Let q(g) = g - 1. Let y be q(4). Suppose l - 5*o = -y*l + 65, 0 = -2*o - 2. What are the prime factors of l?
3, 5
Suppose 0 = -3*b + b - 3*r + 139, 0 = -5*b - 2*r + 375. List the prime factors of b.
7, 11
What are the prime factors of ((-10)/2*16)/(-1 - 0)?
2, 5
Let z(p) be the third derivative of p**6/120 + p**5/60 - p**3/3 - p**2. Let v be z(2). What are the prime factors of v/(-4)*(-12)/10?
3
Suppose -12 = -7*j + 3*j. Suppose j*n - 4 = n. Suppose -n = c - 12. What are the prime factors of c?
2, 5
Let j be (-18)/(-24) - 3/4. Suppose j = g + 